{"id":7,"date":"2015-10-19T13:23:09","date_gmt":"2015-10-19T13:23:09","guid":{"rendered":"http:\/\/andreaschall.com\/?page_id=7"},"modified":"2020-11-26T08:32:54","modified_gmt":"2020-11-26T08:32:54","slug":"uber-mich","status":"publish","type":"page","link":"https:\/\/andreaschall.com\/de\/uber-mich\/","title":{"rendered":"\u00dcber mich"},"content":{"rendered":"<p><!--<img src=\"http:\/\/andreaschall.com\/wp-content\/uploads\/2015\/10\/kep_helye.png\" \/ align=\"left\">--><br \/>\nIch begr\u00fc\u00dfe Dich auf meiner Webseite. Mein Name ist Andrea Schall, und ich freue mich \u00fcber deinen virtuellen Besuch bei mir.<\/p>\n<p>Wer ich bin? Ich bin eine Fotografin und stolze Mutter von zwei wundersch\u00f6nen Kindern,\u2026 <div id=\"metaslider-id-44\" style=\"max-width: 804px; margin: 0 auto;\" class=\"ml-slider-3-27-13 metaslider metaslider-responsive metaslider-44 ml-slider\">\n    <div id=\"metaslider_container_44\">\n        <ul id='metaslider_44' class='rslides'>\n            <li><img src=\"https:\/\/andreaschall.com\/de\/wp-content\/uploads\/2015\/12\/41.jpg\" height=\"372\" width=\"804\" alt=\"\" class=\"slider-44 slide-60\" \/><\/li>\n        <\/ul>\n        \n    <\/div>\n<\/div><br \/>\naber nicht so schnell, beginnen wir mit dem Anfang meiner Geschichte\u2026<\/p>\n<p>Ich erz\u00e4hle Dir einen M\u00e4dchenroman:<\/p>\n<p>Es gab einmal ein M\u00e4dchen voller Tr\u00e4ume, Ambitionen, Lebenslust, Kreativit\u00e4t, und voller Liebe. Sie liebte die Menschen, die Zusammentreffen mit ihnen und wurde von nicht befriedigtem Wissensdrang getrieben.<\/p>\n<p>Ihre gro\u00dfe Liebe war das Schreiben, Menschenkunde und die \u00d6konomie.<\/p>\n<p>Um ihren Wissensdrang zu befriedigen begann Sie mit der \u201eSammlung von Papieren\u201c: Als Ergebnis eines Universit\u00e4tsbesuchs, den Besuchs einer akademischen Hochschule und weiteren Ausbildungen wurde sie Journalistin, Public Relations, Kommunikationspezialist, Graphologin, Wirtschaftswissenschaftlerin, Bilanzbuchhalterin und Steuerberaterin.<\/p>\n<p>Ihre Studien machte sie im Fernstudium, wodurch so die M\u00f6glichkeit hatte durch die Arbeit ihr Wissen im Praktischen anzuwenden.<\/p>\n<p>Als Entspannung fotografierte sie in ihrer Freizeit Menschen und dies mit voller Freude.<\/p>\n<p>So lebte sie in Budapest in voller Zufriedenheit, als sie dann unerwartet ihren gro\u00dfen Prinzen traf. Nach der prachtvollen, m\u00e4rchenhaften Hochzeit trug sie beide ein wei\u00dfes Pferd auf direktem Weg nach Deutschland, in das stimmungsvolles St\u00e4dtchen: Esslingen, wo dann zu ihrer Geburtstag und zu ihrer gro\u00dfe \u00dcberraschung zwischen allen Geschenken eine DSLR Kamera verborgen war.<\/p>\n<p>Wooow, mehr brauchte sie auch gar nicht\u2026<\/p>\n<p>Die kleine Handtasche wandelte sich zu einem grooo\u00dfen Fotografen-Rucksack um und aus dem Hobby wurde ernsthafte Leidenschaft. Fotoschule, B\u00fccher, Zeitungen, Lehrmaterial\u2026 ihr Wissensdrang veranlasste sie wieder dazu, sich eine neue Disziplin, die Fotografie, anzueignen. Der Themenmittelpunkt blieb nat\u00fcrlich weiterhin der Mensch, mit all seiner nicht durchschaubaren Vielseitigkeit, wechselhaften Gesten und aufregenden Reizen. Das fasziniert sie auch heute noch immer wieder.<\/p>\n<p>Sei es ein winziges Baby oder ein Erwachsener, ein M\u00e4dchen oder ein Junge, ein Modell oder eine werdende Mutter, eine Familie, eine Trauung oder eine Verlobung, ein Neugeborenes oder ein Rentner\u2026<\/p>\n<p>\u2026 die Augenblicke vergehen, und die Zeit l\u00e4uft so schnell davon\u2026 Alle Lebensalter sind wundervoll und nicht wiederkehrbar.<\/p>\n<p>Genauso wie es \u201eaus dem M\u00e4dchen in kurzen Augenblicken eine Mutter wurde\u201c, genauso so schnell wachsen unsere Kinder, Enkel heran und so schnell verfliegt auch ein -ein unvergessliches Erlebnis, ein L\u00e4cheln, ein Lachen, die wir in unserem Herzen beh\u00fcten.<\/p>\n<p>VEREWIGEN WIR DAHER ZUSAMMEN DEN GEGENW\u00c4RTIGEN AUGENBLICK, damit wir uns auch noch lang an etwas aus vergangener Zeit erinnern k\u00f6nnen, ein \u2013ein frohes Familientreffen unvergesslich machen, gut lachen k\u00f6nnen, in R\u00fchrung geraten, die Fotos mit Freude durchbl\u00e4ttern zu k\u00f6nnen und die gl\u00fccklichen Minuten mit unseren Kindern, Enkeln und Urenkeln zuteilen.<\/p>\n<p>Ich erwarte Dich gern:<br \/>\nAndrea Schall Fotografie<\/p>\n","protected":false},"excerpt":{"rendered":"<p>Ich begr\u00fc\u00dfe Dich auf meiner Webseite. Mein Name ist Andrea Schall, und ich freue mich \u00fcber deinen virtuellen Besuch bei mir. Wer ich bin? Ich bin eine Fotografin und stolze Mutter von zwei wundersch\u00f6nen Kindern,\u2026 aber nicht so schnell, beginnen wir mit dem Anfang meiner Geschichte\u2026 Ich erz\u00e4hle Dir einen M\u00e4dchenroman: Es gab einmal ein [&hellip;]<\/p>\n","protected":false},"author":1,"featured_media":0,"parent":0,"menu_order":2,"comment_status":"closed","ping_status":"closed","template":"","meta":{"_mi_skip_tracking":false},"_links":{"self":[{"href":"https:\/\/andreaschall.com\/de\/wp-json\/wp\/v2\/pages\/7"}],"collection":[{"href":"https:\/\/andreaschall.com\/de\/wp-json\/wp\/v2\/pages"}],"about":[{"href":"https:\/\/andreaschall.com\/de\/wp-json\/wp\/v2\/types\/page"}],"author":[{"embeddable":true,"href":"https:\/\/andreaschall.com\/de\/wp-json\/wp\/v2\/users\/1"}],"replies":[{"embeddable":true,"href":"https:\/\/andreaschall.com\/de\/wp-json\/wp\/v2\/comments?post=7"}],"version-history":[{"count":7,"href":"https:\/\/andreaschall.com\/de\/wp-json\/wp\/v2\/pages\/7\/revisions"}],"predecessor-version":[{"id":3104,"href":"https:\/\/andreaschall.com\/de\/wp-json\/wp\/v2\/pages\/7\/revisions\/3104"}],"wp:attachment":[{"href":"https:\/\/andreaschall.com\/de\/wp-json\/wp\/v2\/media?parent=7"}],"curies":[{"name":"wp","href":"https:\/\/api.w.org\/{rel}","templated":true}]}}

Über mich

<p><!--<img src="http://andreaschall.com/wp-content/uploads/2015/10/kep_helye.png" / align="left">--><br />
Ich begrüße Dich auf meiner Webseite. Mein Name ist Andrea Schall, und ich freue mich über deinen virtuellen Besuch bei mir.</p>
<p>Wer ich bin? Ich bin eine Fotografin und stolze Mutter von zwei wunderschönen Kindern,… <div id="metaslider-id-44" style="max-width: 804px; margin: 0 auto;" class="ml-slider-3-27-13 metaslider metaslider-responsive metaslider-44 ml-slider">
    <div id="metaslider_container_44">
        <ul id='metaslider_44' class='rslides'>
            <li><img src="https://andreaschall.com/de/wp-content/uploads/2015/12/41.jpg" height="372" width="804" alt="" class="slider-44 slide-60" /></li>
        </ul>
        
    </div>
</div><br />
aber nicht so schnell, beginnen wir mit dem Anfang meiner Geschichte…</p>
<p>Ich erzähle Dir einen Mädchenroman:</p>
<p>Es gab einmal ein Mädchen voller Träume, Ambitionen, Lebenslust, Kreativität, und voller Liebe. Sie liebte die Menschen, die Zusammentreffen mit ihnen und wurde von nicht befriedigtem Wissensdrang getrieben.</p>
<p>Ihre große Liebe war das Schreiben, Menschenkunde und die Ökonomie.</p>
<p>Um ihren Wissensdrang zu befriedigen begann Sie mit der „Sammlung von Papieren“: Als Ergebnis eines Universitätsbesuchs, den Besuchs einer akademischen Hochschule und weiteren Ausbildungen wurde sie Journalistin, Public Relations, Kommunikationspezialist, Graphologin, Wirtschaftswissenschaftlerin, Bilanzbuchhalterin und Steuerberaterin.</p>
<p>Ihre Studien machte sie im Fernstudium, wodurch so die Möglichkeit hatte durch die Arbeit ihr Wissen im Praktischen anzuwenden.</p>
<p>Als Entspannung fotografierte sie in ihrer Freizeit Menschen und dies mit voller Freude.</p>
<p>So lebte sie in Budapest in voller Zufriedenheit, als sie dann unerwartet ihren großen Prinzen traf. Nach der prachtvollen, märchenhaften Hochzeit trug sie beide ein weißes Pferd auf direktem Weg nach Deutschland, in das stimmungsvolles Städtchen: Esslingen, wo dann zu ihrer Geburtstag und zu ihrer große Überraschung zwischen allen Geschenken eine DSLR Kamera verborgen war.</p>
<p>Wooow, mehr brauchte sie auch gar nicht…</p>
<p>Die kleine Handtasche wandelte sich zu einem groooßen Fotografen-Rucksack um und aus dem Hobby wurde ernsthafte Leidenschaft. Fotoschule, Bücher, Zeitungen, Lehrmaterial… ihr Wissensdrang veranlasste sie wieder dazu, sich eine neue Disziplin, die Fotografie, anzueignen. Der Themenmittelpunkt blieb natürlich weiterhin der Mensch, mit all seiner nicht durchschaubaren Vielseitigkeit, wechselhaften Gesten und aufregenden Reizen. Das fasziniert sie auch heute noch immer wieder.</p>
<p>Sei es ein winziges Baby oder ein Erwachsener, ein Mädchen oder ein Junge, ein Modell oder eine werdende Mutter, eine Familie, eine Trauung oder eine Verlobung, ein Neugeborenes oder ein Rentner…</p>
<p>… die Augenblicke vergehen, und die Zeit läuft so schnell davon… Alle Lebensalter sind wundervoll und nicht wiederkehrbar.</p>
<p>Genauso wie es „aus dem Mädchen in kurzen Augenblicken eine Mutter wurde“, genauso so schnell wachsen unsere Kinder, Enkel heran und so schnell verfliegt auch ein -ein unvergessliches Erlebnis, ein Lächeln, ein Lachen, die wir in unserem Herzen behüten.</p>
<p>VEREWIGEN WIR DAHER ZUSAMMEN DEN GEGENWÄRTIGEN AUGENBLICK, damit wir uns auch noch lang an etwas aus vergangener Zeit erinnern können, ein –ein frohes Familientreffen unvergesslich machen, gut lachen können, in Rührung geraten, die Fotos mit Freude durchblättern zu können und die glücklichen Minuten mit unseren Kindern, Enkeln und Urenkeln zuteilen.</p>
<p>Ich erwarte Dich gern:<br />
Andrea Schall Fotografie</p>

<p>Ich begrüße Dich auf meiner Webseite. Mein Name ist Andrea Schall, und ich freue mich über deinen virtuellen Besuch bei mir. Wer ich bin? Ich bin eine Fotografin und stolze Mutter von zwei wunderschönen Kindern,… aber nicht so schnell, beginnen wir mit dem Anfang meiner Geschichte… Ich erzähle Dir einen Mädchenroman: Es gab einmal ein [&hellip;]</p>
